{"id":47,"date":"2017-10-31T17:13:42","date_gmt":"2017-10-31T16:13:42","guid":{"rendered":"http:\/\/apelacolline.fr\/?page_id=47"},"modified":"2022-10-20T14:46:32","modified_gmt":"2022-10-20T12:46:32","slug":"lape","status":"publish","type":"page","link":"https:\/\/apelacolline.fr\/index.php\/lape\/","title":{"rendered":"L&rsquo;APE ?"},"content":{"rendered":"<h2 class=\"post-title\">L\u2019APE, c\u2019est quoi\u00a0?<\/h2>\n<h2 class=\"post-title\" style=\"padding-top: 0px;\"><img loading=\"lazy\" decoding=\"async\" class=\"size-medium wp-image-51 alignnone\" style=\"color: #333333; font-size: 1rem;\" src=\"https:\/\/apelacolline.fr\/wp-content\/uploads\/2017\/10\/dessin-enfant-300x212.jpeg\" alt=\"\" width=\"300\" height=\"212\" srcset=\"https:\/\/apelacolline.fr\/wp-content\/uploads\/2017\/10\/dessin-enfant-300x212.jpeg 300w, https:\/\/apelacolline.fr\/wp-content\/uploads\/2017\/10\/dessin-enfant.jpeg 651w\" sizes=\"auto, (max-width: 300px) 85vw, 300px\" \/><\/h2>\n<p>C\u2019est l\u2019<strong>A<\/strong>ssociation des <strong>P<\/strong>arents d\u2019<strong>E<\/strong>l\u00e8ves du regroupementp\u00e9dagogique de la colline regroupant <strong>les \u00e9coles d\u2019Arculinge et d\u2019Esery<\/strong>.<\/p>\n<p>C\u2019est une association dont le but essentiel est d\u2019accompagner et de soutenir financi\u00e8rement les diff\u00e9rents projets de l\u2019\u00e9quipe enseignante. Elle organise \u00e9galement\u00a0des manifestations pour nos enfants\u00a0et\u00a0elle permet aussi aux parents d\u2019\u00e9l\u00e8ves de mieux se conna\u00eetre et de partager des moments de convivialit\u00e9 autour de la vie des enfants de l\u2019\u00e9cole.<\/p>\n<p>Ainsi, elle participe \u00e0 divers \u00e9v\u00e8nements de la commune comme la\u00a0foire d\u2019Automne par exemple et organise ses propres manifestations :\u00a0vide-grenier, concours de p\u00eache, soir\u00e9es, f\u00eates \u2026<\/p>\n<p>Elle fonctionne gr\u00e2ce au b\u00e9n\u00e9volat et \u00e0 l\u2019aide apport\u00e9e par les parents des enfants scolaris\u00e9s \u00e0 l\u2019\u00e9cole (coups de main, pr\u00e9paration de g\u00e2teaux\u2026).<\/p>\n<p><img loading=\"lazy\" decoding=\"async\" class=\"alignnone size-large wp-image-1574\" src=\"https:\/\/apelacolline.fr\/wp-content\/uploads\/2022\/10\/IMG_0763-1024x769.jpg\" alt=\"\" width=\"840\" height=\"631\" srcset=\"https:\/\/apelacolline.fr\/wp-content\/uploads\/2022\/10\/IMG_0763-1024x769.jpg 1024w, https:\/\/apelacolline.fr\/wp-content\/uploads\/2022\/10\/IMG_0763-300x225.jpg 300w, https:\/\/apelacolline.fr\/wp-content\/uploads\/2022\/10\/IMG_0763-768x577.jpg 768w, https:\/\/apelacolline.fr\/wp-content\/uploads\/2022\/10\/IMG_0763-1536x1154.jpg 1536w, https:\/\/apelacolline.fr\/wp-content\/uploads\/2022\/10\/IMG_0763-2048x1539.jpg 2048w, https:\/\/apelacolline.fr\/wp-content\/uploads\/2022\/10\/IMG_0763-1200x902.jpg 1200w\" sizes=\"auto, (max-width: 709px) 85vw, (max-width: 909px) 67vw, (max-width: 1362px) 62vw, 840px\" \/><\/p>\n<div dir=\"ltr\">De gauche \u00e0 droite.<\/div>\n<div dir=\"ltr\"><\/div>\n<div dir=\"ltr\">\n<div dir=\"ltr\">Guillaume, papa de Valentin.<\/div>\n<div dir=\"ltr\"><\/div>\n<div dir=\"ltr\">Geoffroy, papa de Paul et Ad\u00e8le.<\/div>\n<div dir=\"ltr\"><\/div>\n<div dir=\"ltr\">Amedine, maman de Paul et Zian.<\/div>\n<div dir=\"ltr\"><\/div>\n<\/div>\n<div dir=\"ltr\">C\u00e9line, maman de Victor.<\/div>\n<div dir=\"ltr\"><\/div>\n<div dir=\"ltr\">\u00c9ric, papa de Brian.<\/div>\n<div dir=\"ltr\"><\/div>\n<div dir=\"ltr\">Bettina, maman de Valentin, C\u00e9lestine et Flora .<\/div>\n<div dir=\"ltr\"><\/div>\n<div dir=\"ltr\">Christophe, papa de Bastien.<\/div>\n<div dir=\"ltr\"><\/div>\n","protected":false},"excerpt":{"rendered":"<p>L\u2019APE, c\u2019est quoi\u00a0? C\u2019est l\u2019Association des Parents d\u2019El\u00e8ves du regroupementp\u00e9dagogique de la colline regroupant les \u00e9coles d\u2019Arculinge et d\u2019Esery. C\u2019est une association dont le but essentiel est d\u2019accompagner et de soutenir financi\u00e8rement les diff\u00e9rents projets de l\u2019\u00e9quipe enseignante. Elle organise \u00e9galement\u00a0des manifestations pour nos enfants\u00a0et\u00a0elle permet aussi aux parents d\u2019\u00e9l\u00e8ves de mieux se conna\u00eetre et &hellip; <a href=\"https:\/\/apelacolline.fr\/index.php\/lape\/\" class=\"more-link\">Continuer la lecture<span class=\"screen-reader-text\"> de &laquo;&nbsp;L&rsquo;APE ?&nbsp;&raquo;<\/span><\/a><\/p>\n","protected":false},"author":1,"featured_media":0,"parent":0,"menu_order":0,"comment_status":"closed","ping_status":"closed","template":"","meta":{"footnotes":""},"class_list":["post-47","page","type-page","status-publish","hentry"],"_links":{"self":[{"href":"https:\/\/apelacolline.fr\/index.php\/wp-json\/wp\/v2\/pages\/47","targetHints":{"allow":["GET"]}}],"collection":[{"href":"https:\/\/apelacolline.fr\/index.php\/wp-json\/wp\/v2\/pages"}],"about":[{"href":"https:\/\/apelacolline.fr\/index.php\/wp-json\/wp\/v2\/types\/page"}],"author":[{"embeddable":true,"href":"https:\/\/apelacolline.fr\/index.php\/wp-json\/wp\/v2\/users\/1"}],"replies":[{"embeddable":true,"href":"https:\/\/apelacolline.fr\/index.php\/wp-json\/wp\/v2\/comments?post=47"}],"version-history":[{"count":10,"href":"https:\/\/apelacolline.fr\/index.php\/wp-json\/wp\/v2\/pages\/47\/revisions"}],"predecessor-version":[{"id":1577,"href":"https:\/\/apelacolline.fr\/index.php\/wp-json\/wp\/v2\/pages\/47\/revisions\/1577"}],"wp:attachment":[{"href":"https:\/\/apelacolline.fr\/index.php\/wp-json\/wp\/v2\/media?parent=47"}],"curies":[{"name":"wp","href":"https:\/\/api.w.org\/{rel}","templated":true}]}}

<h2 class="post-title">L’APE, c’est quoi ?</h2>
<h2 class="post-title" style="padding-top: 0px;"><img loading="lazy" decoding="async" class="size-medium wp-image-51 alignnone" style="color: #333333; font-size: 1rem;" src="https://apelacolline.fr/wp-content/uploads/2017/10/dessin-enfant-300x212.jpeg" alt="" width="300" height="212" srcset="https://apelacolline.fr/wp-content/uploads/2017/10/dessin-enfant-300x212.jpeg 300w, https://apelacolline.fr/wp-content/uploads/2017/10/dessin-enfant.jpeg 651w" sizes="auto, (max-width: 300px) 85vw, 300px" /></h2>
<p>C’est l’<strong>A</strong>ssociation des <strong>P</strong>arents d’<strong>E</strong>lèves du regroupementpédagogique de la colline regroupant <strong>les écoles d’Arculinge et d’Esery</strong>.</p>
<p>C’est une association dont le but essentiel est d’accompagner et de soutenir financièrement les différents projets de l’équipe enseignante. Elle organise également des manifestations pour nos enfants et elle permet aussi aux parents d’élèves de mieux se connaître et de partager des moments de convivialité autour de la vie des enfants de l’école.</p>
<p>Ainsi, elle participe à divers évènements de la commune comme la foire d’Automne par exemple et organise ses propres manifestations : vide-grenier, concours de pêche, soirées, fêtes …</p>
<p>Elle fonctionne grâce au bénévolat et à l’aide apportée par les parents des enfants scolarisés à l’école (coups de main, préparation de gâteaux…).</p>
<p><img loading="lazy" decoding="async" class="alignnone size-large wp-image-1574" src="https://apelacolline.fr/wp-content/uploads/2022/10/IMG_0763-1024x769.jpg" alt="" width="840" height="631" srcset="https://apelacolline.fr/wp-content/uploads/2022/10/IMG_0763-1024x769.jpg 1024w, https://apelacolline.fr/wp-content/uploads/2022/10/IMG_0763-300x225.jpg 300w, https://apelacolline.fr/wp-content/uploads/2022/10/IMG_0763-768x577.jpg 768w, https://apelacolline.fr/wp-content/uploads/2022/10/IMG_0763-1536x1154.jpg 1536w, https://apelacolline.fr/wp-content/uploads/2022/10/IMG_0763-2048x1539.jpg 2048w, https://apelacolline.fr/wp-content/uploads/2022/10/IMG_0763-1200x902.jpg 1200w" sizes="auto, (max-width: 709px) 85vw, (max-width: 909px) 67vw, (max-width: 1362px) 62vw, 840px" /></p>
<div dir="ltr">De gauche à droite.</div>
<div dir="ltr"></div>
<div dir="ltr">
<div dir="ltr">Guillaume, papa de Valentin.</div>
<div dir="ltr"></div>
<div dir="ltr">Geoffroy, papa de Paul et Adèle.</div>
<div dir="ltr"></div>
<div dir="ltr">Amedine, maman de Paul et Zian.</div>
<div dir="ltr"></div>
</div>
<div dir="ltr">Céline, maman de Victor.</div>
<div dir="ltr"></div>
<div dir="ltr">Éric, papa de Brian.</div>
<div dir="ltr"></div>
<div dir="ltr">Bettina, maman de Valentin, Célestine et Flora .</div>
<div dir="ltr"></div>
<div dir="ltr">Christophe, papa de Bastien.</div>
<div dir="ltr"></div>

<p>L’APE, c’est quoi ? C’est l’Association des Parents d’Elèves du regroupementpédagogique de la colline regroupant les écoles d’Arculinge et d’Esery. C’est une association dont le but essentiel est d’accompagner et de soutenir financièrement les différents projets de l’équipe enseignante. Elle organise également des manifestations pour nos enfants et elle permet aussi aux parents d’élèves de mieux se connaître et &hellip; <a href="https://apelacolline.fr/index.php/lape/" class="more-link">Continuer la lecture<span class="screen-reader-text"> de &laquo;&nbsp;L&rsquo;APE ?&nbsp;&raquo;</span></a></p>
